 - 7*u - 27. Determine z(-3).
-15
Let f(u) = -u**2 + 672*u + 1347. Calculate f(-2).
-1
Let t(m) = m**3 - 190*m - 96. Determine t(14).
-12
Let k(m) = -10*m + 18. What is k(-8)?
98
Let u(f) = -f**2 - 48*f - 427. What is u(-36)?
5
Let t(c) = c**3 - 58*c**2 + 474*c + 129. Determine t(48).
-159
Let m(l) = -2*l**3 + l**2 - 15*l - 227. What is m(0)?
-227
Let d(v) = -143*v + 21450. Give d(150).
0
Let b(z) = 3*z**3 - 10*z**2 + 184*z + 757. Calculate b(-4).
-331
Let z(y) = y**3 + 83*y**2 + 668*y + 150. Calculate z(-74).
2
Let f(i) = 2020*i + 28278. What is f(-14)?
-2
Let g(n) = -147*n + 3037. What is g(21)?
-50
Let y(s) = 26*s - 503. Determine y(16).
-87
Let h(v) = 3*v**2 - 42*v - 1862. Determine h(-19).
19
Let x(b) = 8*b**2 + 1802*b - 5007. Give x(-228).
9
Let p(c) = 58*c**2 - 8528*c + 299. Calculate p(147).
5
Let p(q) = -42*q + 501. Give p(12).
-3
Let j(z) = -2*z + 20. Determine j(20).
-20
Let l(p) = 2*p**2 + 402*p + 3833. What is l(-10)?
13
Let k(y) = -y**3 + 38*y**2 + 50*y - 435. What is k(39)?
-6
Let t(d) = 94*d - 146. Determine t(3).
136
Let d(z) = 2*z**3 + 78*z**2 + 146*z - 87. Calculate d(-37).
-13
Let l(g) = 46*g - 2338. Determine l(51).
8
Let a(d) = -2978*d - 32751. What is a(-11)?
7
Let g(u) = -4*u**3 - 3*u**2 - u - 6. What is g(-2)?
16
Let s(r) = 167*r + 1498. What is s(-9)?
-5
Let v(b) = -4*b**2 + 169*b - 56. Determine v(42).
-14
Let s(u) = 59*u**3 - 32*u + 33. Calculate s(1).
60
Let t(f) = 2*f**2 - 48*f + 83. Calculate t(19).
-107
Let h(m) = 5*m + 63. Determine h(8).
103
Let t(i) = -i**2 - 19*i - 98. Determine t(-9).
-8
Let w(t) = 13*t + 1294. Give w(-100).
-6
Let a(r) = -11*r**2 - 16*r - 48. What is a(-5)?
-243
Let u(o) = o**2 - 63*o + 287. What is u(8)?
-153
Let s(v) = -117*v - 633. What is s(-5)?
-48
Let y(n) = n**3 - 32*n**2 - 40*n + 260. Calculate y(33).
29
Let q(b) = -7802*b + 31203. Calculate q(4).
-5
Let i(s) = -s**3 - 14*s**2 + 156*s + 717. Give i(-20).
-3
Let r(j) = -2*j**3 + 53*j**2 - 74*j - 48. What is r(25)?
-23
Let c(m) = m**3 - 64*m**2 - 137*m + 109. Determine c(66).
-221
Let l(z) = 4*z**2 + 39*z + 40. Determine l(-6).
-50
Let f(n) = -3*n**3 - 7*n**2 + 36*n - 19. Determine f(-6).
161
Let q(c) = 19*c**3 + 13*c**2 + 12*c - 2. Calculate q(-1).
-20
Let i(m) = -7*m + 156. Determine i(20).
16
Let l(p) = -p**3 + 8*p**2 + 26*p - 243. Determine l(7).
-12
Let p(x) = 2*x**3 + 10*x**2 + 717*x + 5213. Give p(-7).
-2
Let c(d) = 7290*d - 51026. What is c(7)?
4
Let f(z) = -z**2 - 11*z + 319. Give f(13).
7
Let k(d) = d**3 + 30*d**2 - 170*d - 5. Calculate k(5).
20
Let n(p) = 4*p**2 - 350*p - 1229. What is n(91)?
45
Let j(a) = -69*a - 306. What is j(-5)?
39
Let q(f) = f**3 + 48*f**2 + 372*f - 383. Calculate q(-11).
2
Let f(c) = -2*c**3 - 19*c**2 - 15*c + 9. Calculate f(-10).
259
Let d(z) = z**3 + 19*z**2 + 76*z - 21. What is d(-13)?
5
Let l(t) = t**3 - 11*t**2 + 4*t + 35. Determine l(3).
-25
Let j(x) = 52*x**2 - 197*x - 73. What is j(4)?
-29
Let m(o) = o**3 + 9*o**2 - 11*o - 91. What is m(-10)?
-81
Let x(n) = 10*n + 147. Give x(-7).
77
Let r(q) = q**3 + 49*q**2 - 41*q + 454. Calculate r(-50).
4
Let t(m) = -64*m**2 + 3. Give t(-2).
-253
Let h(a) = 77*a**2 + 166*a + 28. Calculate h(-2).
4
Let w(y) = 2*y**3 + 8*y**2 + 4*y - 21. Determine w(-5).
-91
Let a(u) = -3*u**2 + 47*u - 1. Give a(0).
-1
Let q(m) = 386*m + 3793. What is q(-10)?
-67
Let a(c) = c**3 - 9*c**2 - 4*c + 25. Calculate a(10).
85
Let o(p) = -p**3 - 3*p**2 + 15*p + 1. Give o(5).
-124
Let g(p) = -2*p**3 + 6*p - 12. Calculate g(-3).
24
Let s(l) = 2*l**2 - 37*l + 230. Calculate s(8).
62
Let h(u) = -u**2 - 9*u + 2427. Give h(45).
-3
Let h(n) = 2*n**2 + 21*n + 1. What is h(-10)?
-9
Let f(m) = 10*m**2 + 2137*m - 653. Determine f(-214).
-11
Let j(a) = -a**3 - 18*a**2 - 89*a - 59. Give j(-9).
13
Let c(j) = j**2 - 24*j + 133. Give c(9).
-2
Let l(p) = 7*p**2 + 67*p + 239. Calculate l(-5).
79
Let c(t) = 107*t + 3005. Determine c(-28).
9
Let b(i) = -i**3 - 19*i**2 - 27*i + 16. Determine b(-7).
-383
Let p(v) = 7*v**3 + 21*v**2 - 36*v + 5. Give p(3).
275
Let f(j) = 2*j**2 - 8*j - 91. Calculate f(9).
-1
Let b(z) = -1016*z + 69111. Give b(68).
23
Let x(g) = 10*g + 530. Determine x(-43).
100
Let q(z) = -66*z + 2197. Calculate q(35).
-113
Let u(v) = -2*v**3 - 45*v**2 - 244*v + 31. Determine u(-13).
-8
Let v(y) = -3*y - 51. Calculate v(21).
-114
Let y(f) = 111*f - 4781. Calculate y(43).
-8
Let x(u) = u**3 - 113*u**2 + 224*u - 315. Determine x(111).
-93
Let h(z) = 12*z**2 - 149*z - 9785. Calculate h(-23).
-10
Let x(r) = 27*r**2 - 37*r - 81. Determine x(-2).
101
Let h(n) = -3576*n - 92975. What is h(-26)?
1
Let f(k) = -2*k**3 + 2*k**2 + 4*k - 27. Give f(0).
-27
Let p(b) = -247*b + 1645. Give p(7).
-84
Let d(q) = 227*q + 4303. What is d(-19)?
-10
Let y(t) = 305*t**2 - 7*t + 4. Calculate y(1).
302
Let j(b) = b + 54. Give j(-22).
32
Let g(r) = -r**3 - 34*r**2 - 125*r - 122. Determine g(-30).
28
Let o(v) = -12*v**2 - 81*v + 3080. Calculate o(13).
-1
Let r(o) = 44*o - 290. Give r(7).
18
Let m(t) = 24*t**2 - 16*t - 40. Give m(-3).
224
Let l(p) = p**3 - 49*p**2 - 88*p - 840. Determine l(51).
-126
Let r(s) = 3616*s + 39781. Give r(-11).
5
Let i(k) = k**3 - 19*k**2 - 31*k - 252. What is i(21)?
-21
Let y(h) = -h**2 + 49*h + 2267. What is y(-29)?
5
Let c(i) = i**3 - 15*i**2 + 11*i + 18. Calculate c(15).
183
Let m(l) = -559*l + 13408. Give m(24).
-8
Let n(s) = -3*s**2 + 45*s + 51. Calculate n(-1).
3
Let a(p) = -p**2 - 139*p - 2284. Determine a(-19).
-4
Let m(d) = -d**3 - 9*d**2 - 14*d - 70. Determine m(-8).
-22
Let d(r) = -3*r**3 - 3*r**2 - 7*r - 3. Give d(-3).
72
Let s(i) = -112*i + 1003. Calculate s(9).
-5
Let n(d) = -8*d**2 + 86*d - 29. Calculate n(9).
97
Let z(c) = -21*c - 508. What is z(-24)?
-4
Let t(q) = 3*q**2 + 63*q - 225. Calculate t(-24).
-9
Let y(n) = -16*n - 180. Determine y(-11).
-4
Let u(d) = 3*d**2 + 75*d - 2901. What is u(-46)?
-3
Let v(r) = -30*r + 104. Determine v(4).
-16
Let u(l) = 76*l**2 - 2133*l + 10. What is u(28)?
-130
Let c(s) = -s**3 - 3*s**2 + 19*s + 29. Calculate c(-6).
23
Let q(m) = -3*m**3 + 50*m**2 + 203*m - 67. Determine q(20).
-7
Let c(u) = 7*u**2 + 2*u + 6. Determine c(2).
38
Let o(g) = 2*g**3 + 11*g**2 + 7*g + 50. Calculate o(-6).
-28
Let y(j) = -70*j**3 + j**2 - 8*j - 9. Give y(-1).
70
Let f(c) = c**3 + c**2 - 25*c + 29. What is f(1)?
6
Let m(j) = j**3 - 44*j**2 - 25*j + 1176. Calculate m(44).
76
Let t(d) = 11*d - 17. What is t(1)?
-6
Let u(r) = -28*r + 2231. What is u(79)?
19
Let n(k) = -k**3 - 30*k**2 - 31*k - 56. Give n(-29).
2
Let q(k) = -20*k - 3755. Calculate q(-187).
-15
Let g(d) = -10*d**2 + 436*d + 623. Calculate g(45).
-7
Let i(m) = -3*m**2 - 39*m - 201. Give i(-7).
-75
Let o(l) = -l**3 + 14*l**2 - 52*l + 11. What is o(8)?
-21
Let r(k) = -k**3 - 3*k**2 + 549*k + 1103. Calculate r(-2).
1
Let b(l) = -43*l + 2110. Calculate b(62).
-556
Let j(r) = -r**3 + 2*r**2 + 403*r + 50. Determine j(-19).
-26
Let j(i) = i**3 - 29*i**2 - 69*i + 21. What is j(31)?
-196
Let x(f) = 2*f**2 - 916*f - 7417. What is x(-8)?
39
Let f(r) = -344*r + 19300. Determine f(56).
36
Let s(j) = 22*j**2 + 13*j + 12. Calculate s(-1).
21
Let v(a) = 13*a + 1417. Give v(-107).
26
Let n(d) = -d**2 + 289*d - 1972. What is n(7)?
2
Let f(u) = 53*u - 1806. What is f(34)?
-4
Let p(i) = i**3 + 9*i**2 + 35*i + 73. Determine p(-6).
-29
Let u(z) = -10*z - 298. Calculate u(-29).
-8
Let p(x) = x**3 - 41*x**2 + 43*x - 171. Give p(40).
-51
Let b(h) = h**3 + 11*h**2 + 18*h + 18. Determine b(-10).
-62
Let x(i) = -i**3 - 26*i**2 - 117*i + 42. What is x(-18)?
-444
Let n(s) = 7*s**2 + 17*s + 1. Calculate n(-5).
91
Let w(i) = -i**3 + 7*i**2 + 17*i - 55. Calculate w(7).
64
Let x(q) = -q**2 - 5*q + 136. Calculate x(-16).
-40
Let c(l) = 30*l - 161. Determine c(10).
139
Let t(k) = k**2 - 3*k - 752. What is t(29)?
2
Let c(m) = 18*m + 167. Calculate c(-10).
-13
Let j(i) = i**3 - 5*i**2 + 578*i - 2888. What is j(5)?
2
Let p(y) = -11*y - 102. Give p(-15).
63
Let s(n) = 13*n + 73. Determine s(-23).
-226
Let f(l) = 10*l + 25. Give f(-11).
-85
Let t(y) = 104*y + 531. Determine t(-5).
11
Let n(z) = -2*z**3 - 18*z**2 + 12*z - 63. Determine n(-10).
17
Let i(o) = -o**3 - 25*o**2 + 81*o + 1457. Give i(-26).
27
Let f(q) = q**3 - 27*q**2 - 31*q + 92. Give f(28).
8
Let w(x) = x**3 - 107*x**2 + 104*x + 230. Give w(106).
18
Let u(r) = r**3 - 9*r*